ns digit of q?
1
Suppose h - 2*w = w + 17, -4*h = 5*w. Let u = h + -3. Suppose -2 = -2*l + 2*n + 3*n, -u*l + 22 = 5*n. What is the units digit of l?
6
Let a = -21 + 51. Suppose a = 3*i + 3*t, -t = -i - 4*t. What is the units digit of i?
5
Suppose o - 14 = 4*u - o, -2*o = u + 6. Let r be 11/u*16/(-2). Suppose 0 = -3*s + r + 11. What is the units digit of s?
1
Let t = 29 - 12. What is the tens digit of 0 - (2 - (t - -3))?
1
What is the units digit of (1 + 0)/(18/342)?
9
Suppose s = 4*n - 201, 2*n - 102 = 3*s - s. What is the tens digit of n?
5
Suppose 0 = 2*q + 4*i + 12, 5*i + 6 = -2*q - 1. Let z = q - -24. What is the units digit of z?
8
Let p = -2 - -7. Let y(b) = 2*b + 3 + p - b - 1. What is the units digit of y(0)?
7
Let d(m) = 1 - 2 - m**3 + 3*m**3. Suppose 3 = 3*s - 0. What is the units digit of d(s)?
1
Suppose 0 = -l + 4*l + 5*s - 2, 6 = -3*l + 3*s. Let w(c) = -8*c**3 + 2*c**2 - c**2 + c**2 + c. What is the units digit of w(l)?
9
Let x(r) = r + 1. Let n be x(-1). Suppose s - 3*d + 2 - 3 = n, 4*s + 2*d = -10. Let b = 14 - s. What is the tens digit of b?
1
Let k = -3 - -9. Suppose k*n - n = 5. What is the units digit of n?
1
Let f(x) = x**3 + 4*x**2 + 2*x + 3. Let o be f(-3). Suppose 6*w - 2*w - o = g, 5*g - 18 = -4*w. What is the units digit of g?
2
Suppose -2*n + 9 + 13 = -4*b, 4*n = -4*b - 4. What is the units digit of (n/9*3)/1?
1
Suppose -4*l = 156 - 60. What is the tens digit of 51/4 - 6/l?
1
Suppose 5 = -4*y + 25. Let x = y + -4. What is the units digit of x?
1
Suppose 10 = -2*p + 7*p. What is the units digit of p?
2
Let f(q) = 2*q + 83. What is the hundreds digit of f(17)?
1
Let w be 2/3 + (-272)/(-6). Suppose 10*p - 31 - 9 = 0. Suppose 2*x = -5*l - x + 96, w = 3*l - p*x. What is the units digit of l?
8
Suppose 46 = b + b. Let i = b - 13. What is the tens digit of i?
1
What is the tens digit of 480/(-72)*444/(-10)?
9
What is the tens digit of 155 + (-15)/(-6)*-2?
5
Let s = 157 + 29. What is the hundreds digit of s?
1
Let o(j) = 3*j + 7. What is the units digit of o(27)?
8
Let v(r) = 8*r**2 - 3*r - 3. What is the units digit of v(3)?
0
Let p(i) = i**3 - 2*i**2 - 2*i. Let q be p(3). Suppose -3*a + 7*g = 2*g + q, -3*g + 5 = -a. Let n = 6 - a. What is the units digit of n?
2
Let h be (10 - (-4)/(-4)) + 0. Let w(d) = d + 7. What is the tens digit of w(h)?
1
Suppose 3*r = -41 - 7. What is the units digit of 9/6*r/(-6)?
4
Let i(h) = -2*h**3 + 5*h**2 - 7*h - 21. Let g(s) = s**3 - 3*s**2 + 4*s + 10. Let v(r) = 7*g(r) + 3*i(r). What is the tens digit of v(6)?
4
Let d = 830 - 561. What is the tens digit of d?
6
Suppose 4*y - 29 = -z + 23, 0 = -2*y - 3*z + 26. What is the tens digit of y?
1
Suppose -i + g + 1 = 0, -2*i + 8 + 12 = 4*g. Suppose 3*j = -4*r - j + 48, r - i*j + 13 = 0. Suppose r = 2*o - 21. What is the tens digit of o?
1
Let y = -18 - -25. Let f be (-2)/y + (-535)/(-35). Let q = f + -9. What is the units digit of q?
6
Let a be (-15)/(-30) - 14/4. What is the units digit of 3*5*(6 + a)?
5
Let v(f) = -6*f - 1. Let h be v(-2). Suppose x + 3*t = 26, -x - t + 15 + h = 0. What is the tens digit of x?
2
Let k = 85 + -55. What is the tens digit of k?
3
Suppose 0*j + 68 = -2*j. Let g = -12 - j. Let r = -2 + g. What is the units digit of r?
0
Let x(l) = l**2 - 5*l + 17. What is the units digit of x(11)?
3
Suppose -s = -0*s + 3, 5*r - 2*s + 4 = 0. Let f(l) = 3*l**2 - 2*l - 3. Let m be f(r). What is the tens digit of 2/(15/m + -1)?
1
Suppose -9*q + 12 = -6*q. Suppose 5*l + 2*y - 127 = 0, -l - 4*y + 119 = q*l. What is the units digit of l?
7
Let x = -59 + 106. What is the tens digit of x?
4
Let i(z) = -z**3 - 7*z**2 + 3*z + 6. Let m be i(-7). Let h = m + 31. What is the tens digit of h?
1
Let d(p) = 4*p**3 - 9*p**2 - 8*p - 3. Let f(g) = -5*g**3 + 10*g**2 + 9*g + 4. Let x(t) = 4*d(t) + 3*f(t). What is the units digit of x(7)?
4
Let u(v) = -15*v**3 + 10*v**2 + 16*v + 4. Let i(z) = 7*z**3 - 5*z**2 - 8*z - 2. Let r(n) = -13*i(n) - 6*u(n). What is the units digit of r(6)?
4
Let r(d) = 3 + 0 - d**2 - 1 - 8*d. Let u be r(-8). Suppose -u = -3*p + 13. What is the units digit of p?
5
Let m = 95 + -26. What is the units digit of m?
9
Let i = 98 - 67. What is the units digit of i?
1
Suppose -2*i = 5*v + 3*i, -4*v = -4*i - 16. Suppose 2*u + 5*o - 2 - v = 0, -2 = o. What is the units digit of u?
7
Suppose 0 = -4*v - v. Suppose -4*a + 91 + 21 = v. What is the units digit of a?
8
Let u(j) = 52*j**2 - 2*j - 2. What is the hundreds digit of u(-2)?
2
Suppose 0 = -f - f + 12. Let h(x) = 4*x - 3*x - 2*x + f. What is the tens digit of h(-8)?
1
Suppose 141 = 9*k - 120. What is the units digit of k?
9
Let v = 281 - 189. What is the tens digit of v?
9
Let i(c) = c + 4. Let u be i(0). Suppose -u - 2 = -3*d. Suppose -d*z + 30 = -0*z - 2*a, 0 = -5*z + 3*a + 81. What is the tens digit of z?
1
Suppose k - 3*c - 1 = -4*c, 0 = -5*c - 10. Let x be ((-8)/10)/(3/(-15)). Suppose 4*q = 2*d - 32, -k*d + q = -x*q - 43. What is the units digit of d?
6
Let g be (20/(-25))/((-2)/5). Suppose g*d = 6*d - 4*c - 140, 4*c = -4*d + 172. What is the tens digit of d?
3
Let v(i) = -i**2 - i + 125. What is the tens digit of v(0)?
2
Suppose -5*z - 3*y = -1532, -4*z + 5*y = z - 1500. What is the units digit of z?
4
Let z be 3 - (6 + -2) - 6. What is the tens digit of -2 + 49 - (9 + z)?
4
Let n be 1668/8 - (-3)/(-2). What is the tens digit of n/11 + 10/55?
1
Let y(a) = -16*a - 5. What is the units digit of y(-2)?
7
Suppose 6 = w - 4*q - q, -4*w + 4*q = -72. Let l be 11 - ((-4)/(-5))/((-10)/25). Let i = w - l. What is the units digit of i?
8
Suppose 3*f + i = 3*i + 62, 2*f + 3*i - 50 = 0. What is the units digit of f?
2
Suppose 0 = 3*d + 3*i - 6*i - 21, 3*d - 2*i = 17. What is the units digit of d - ((-4)/2 - 37)?
2
Suppose 32 = 3*n + n. Suppose 2*w + 5*f = n, -20 = -5*w + f - 3*f. Suppose -4*d + w + 4 = 0. What is the units digit of d?
2
Suppose 2*t = 8 - 24. Let a(g) = -g - 22. Let x(v) = -1. Let q(s) = -a(s) + 6*x(s). What is the units digit of q(t)?
8
Let q(r) = -9*r + 2. Let n(a) = 9*a - 2. Let z(p) = 3*n(p) + 4*q(p). What is the tens digit of z(-2)?
2
Let u(n) = 10*n**2 - 15*n - 2. What is the tens digit of u(5)?
7
Let z(v) = 2*v - 7. What is the units digit of z(4)?
1
Suppose 0 = -r + 5*p + 14, -3*r + 42 = -4*p + 6*p. What is the units digit of r?
4
Let i = -5 - -9. Suppose -4*x - 8 = i*q, -14 = q + 2*q + 5*x. Suppose 10 + 8 = q*y. What is the units digit of y?
9
Suppose 2*x - x - s = -1, 3*s = 4*x. Suppose 5*f + x = -7. Let j = f - -3. What is the units digit of j?
1
Let q(f) = -f**2 + 9*f - 8. Let u be (2 - 1) + -1 + -2. Let v(i) = -4*i - 1. Let w be v(u). What is the units digit of q(w)?
6
Suppose 27 - 6 = -3*d. What is the units digit of d/(2 + -1 + -2)?
7
Suppose 4*v = -0*v + 28. Let f(w) = w**3 - 7*w**2 + 2*w - 5. Let l be f(v). Suppose 2*x + k - l = 0, 7*k = 3*k - 12. What is the units digit of x?
6
Suppose -3*g + 4*g + 3*u + 12 = 0, -3*u = -2*g + 12. Suppose -i - f + 23 = g, i - f = -0*f + 19. What is the tens digit of i?
2
Suppose 3*b = 2*s - 0*s + 2, 5*b = 5*s - 5. Suppose 5*j = -5*t + 200, b*t + 2*j - 150 = 10. What is the tens digit of t?
4
Let h = -5 - -29. Suppose -102 + h = -3*m. What is the units digit of m?
6
Suppose -4*n = -2*s - 8, 0 = s - 0*s - 3*n. Let f(y) = 75*y. Let b be f(4). What is the units digit of (-3)/s + b/16?
9
Let o be 28/(-6)*(-30)/20. Let v be (6/8)/(1/(-24)). What is the units digit of o/3 + (-12)/v?
3
Suppose -4*r = -4*v + 4, -3*v - 4 = v. What is the units digit of (4*2/(-4))/r?
1
What is the tens digit of (1 - (0 + 2))*-12?
1
Let l = 14 + -11. Suppose l*t - 5*k = 44, -3*t + 4*k = k - 42. What is the units digit of t?
3
Suppose -4*h = -5*u - 8*h + 6, -3*h - 1 = u. Suppose -u*c + 58 = 4*n, -3*c = -3*n - 0*c + 48. What is the tens digit of (4/6)/(1/n)?
1
Suppose -p + 5 = 1. Suppose 4*d - p*r + r = 30, 0 = -r - 2. What is the units digit of d?
6
Suppose -3*w + 120 = 2*w. Suppose -5*q + 32 = 2*c - 19, 2*q + 2*c = w. What is the units digit of q?
9
Let i be -2 - (-1 - (-5 - -2)). Let x be 30/(-12)*i/5. What is the units digit of -1 - (1 - x)*9?
8
Let d = 13 - 8. Suppose d*q - 3*q = 30. What is the tens digit of q?
1
Let y(n) = -7*n + 7*n**2 - 2*n**2 + 7*n. What is the tens digit of y(2)?
2
Let c(y) = 4*y - 9. Let x = 59 - 36. Suppose -4*o + 6 + 14 = 2*j, 